{"id":2362,"date":"2025-08-21T15:15:36","date_gmt":"2025-08-21T15:15:36","guid":{"rendered":"https:\/\/fcvizela.pt\/loja\/?post_type=product&#038;p=2362"},"modified":"2025-11-17T12:18:19","modified_gmt":"2025-11-17T12:18:19","slug":"sweat-kappa","status":"publish","type":"product","link":"https:\/\/fcvizela.pt\/loja\/produto\/sweat-kappa\/","title":{"rendered":"Sweat Kappa"},"content":{"rendered":"<p>Azul-marinho predominante, esta sweat Kappa \u00e9 confort\u00e1vel, pr\u00e1tica e perfeita para o dia a dia.<\/p>\n","protected":false},"excerpt":{"rendered":"<p>Azul-marinho predominante, esta sweat Kappa \u00e9 confort\u00e1vel, pr\u00e1tica e perfeita para o dia a dia.<\/p>\n","protected":false},"featured_media":2640,"template":"","meta":[],"product_brand":[],"product_cat":[87],"product_tag":[],"class_list":{"0":"post-2362","1":"product","2":"type-product","3":"status-publish","4":"has-post-thumbnail","6":"product_cat-camisolas","8":"first","9":"instock","10":"shipping-taxable","11":"purchasable","12":"product-type-variable"},"_links":{"self":[{"href":"https:\/\/fcvizela.pt\/loja\/wp-json\/wp\/v2\/product\/2362","targetHints":{"allow":["GET"]}}],"collection":[{"href":"https:\/\/fcvizela.pt\/loja\/wp-json\/wp\/v2\/product"}],"about":[{"href":"https:\/\/fcvizela.pt\/loja\/wp-json\/wp\/v2\/types\/product"}],"wp:featuredmedia":[{"embeddable":true,"href":"https:\/\/fcvizela.pt\/loja\/wp-json\/wp\/v2\/media\/2640"}],"wp:attachment":[{"href":"https:\/\/fcvizela.pt\/loja\/wp-json\/wp\/v2\/media?parent=2362"}],"wp:term":[{"taxonomy":"product_brand","embeddable":true,"href":"https:\/\/fcvizela.pt\/loja\/wp-json\/wp\/v2\/product_brand?post=2362"},{"taxonomy":"product_cat","embeddable":true,"href":"https:\/\/fcvizela.pt\/loja\/wp-json\/wp\/v2\/product_cat?post=2362"},{"taxonomy":"product_tag","embeddable":true,"href":"https:\/\/fcvizela.pt\/loja\/wp-json\/wp\/v2\/product_tag?post=2362"}],"curies":[{"name":"wp","href":"https:\/\/api.w.org\/{rel}","templated":true}]}}