{"id":2356,"date":"2025-08-21T11:10:58","date_gmt":"2025-08-21T11:10:58","guid":{"rendered":"https:\/\/fcvizela.pt\/loja\/?post_type=product&#038;p=2356"},"modified":"2026-04-02T11:30:46","modified_gmt":"2026-04-02T11:30:46","slug":"cachecol-fc-vizela","status":"publish","type":"product","link":"https:\/\/fcvizela.pt\/loja\/produto\/cachecol-fc-vizela\/","title":{"rendered":"Cachecol FC Vizela"},"content":{"rendered":"<p>Mostra as cores do FC Vizela com este cachecol oficial. Leve, quente e confort\u00e1vel, \u00e9 o acess\u00f3rio perfeito para apoiar a equipa nos jogos e mostrar o teu orgulho vizelense em cada momento.<\/p>\n","protected":false},"excerpt":{"rendered":"<p>Mostra as cores do FC Vizela com este cachecol oficial. Leve, quente e confort\u00e1vel, \u00e9 o acess\u00f3rio perfeito para apoiar a equipa nos jogos e mostrar o teu orgulho vizelense em cada momento.<\/p>\n","protected":false},"featured_media":2648,"template":"","meta":[],"product_brand":[],"product_cat":[20],"product_tag":[],"class_list":{"0":"post-2356","1":"product","2":"type-product","3":"status-publish","4":"has-post-thumbnail","6":"product_cat-acessorios","8":"first","9":"instock","10":"shipping-taxable","11":"purchasable","12":"product-type-simple"},"_links":{"self":[{"href":"https:\/\/fcvizela.pt\/loja\/wp-json\/wp\/v2\/product\/2356","targetHints":{"allow":["GET"]}}],"collection":[{"href":"https:\/\/fcvizela.pt\/loja\/wp-json\/wp\/v2\/product"}],"about":[{"href":"https:\/\/fcvizela.pt\/loja\/wp-json\/wp\/v2\/types\/product"}],"wp:featuredmedia":[{"embeddable":true,"href":"https:\/\/fcvizela.pt\/loja\/wp-json\/wp\/v2\/media\/2648"}],"wp:attachment":[{"href":"https:\/\/fcvizela.pt\/loja\/wp-json\/wp\/v2\/media?parent=2356"}],"wp:term":[{"taxonomy":"product_brand","embeddable":true,"href":"https:\/\/fcvizela.pt\/loja\/wp-json\/wp\/v2\/product_brand?post=2356"},{"taxonomy":"product_cat","embeddable":true,"href":"https:\/\/fcvizela.pt\/loja\/wp-json\/wp\/v2\/product_cat?post=2356"},{"taxonomy":"product_tag","embeddable":true,"href":"https:\/\/fcvizela.pt\/loja\/wp-json\/wp\/v2\/product_tag?post=2356"}],"curies":[{"name":"wp","href":"https:\/\/api.w.org\/{rel}","templated":true}]}}