{"id":2332,"date":"2025-08-21T11:00:40","date_gmt":"2025-08-21T11:00:40","guid":{"rendered":"https:\/\/fcvizela.pt\/loja\/?post_type=product&#038;p=2332"},"modified":"2026-04-24T13:46:12","modified_gmt":"2026-04-24T13:46:12","slug":"calcao-amarelo-2025-2026","status":"publish","type":"product","link":"https:\/\/fcvizela.pt\/loja\/produto\/calcao-amarelo-2025-2026\/","title":{"rendered":"Cal\u00e7\u00e3o Amarelo 2025\/2026"},"content":{"rendered":"<p>Predominantemente branco, com riscas amarelas e azuis escuras na parte inferior. Este cal\u00e7\u00e3o Kappa combina conforto e liberdade de movimento, sendo ideal para a pr\u00e1tica de exerc\u00edcio f\u00edsico.<\/p>\n","protected":false},"excerpt":{"rendered":"<p>Predominantemente branco, com riscas amarelas e azuis escuras na parte inferior. Este cal\u00e7\u00e3o Kappa combina conforto e liberdade de movimento, sendo ideal para a pr\u00e1tica de exerc\u00edcio f\u00edsico.<\/p>\n","protected":false},"featured_media":2579,"template":"","meta":[],"product_brand":[],"product_cat":[90],"product_tag":[],"class_list":{"0":"post-2332","1":"product","2":"type-product","3":"status-publish","4":"has-post-thumbnail","6":"product_cat-equipamentos-2025-26","8":"first","9":"instock","10":"sale","11":"shipping-taxable","12":"purchasable","13":"product-type-variable"},"_links":{"self":[{"href":"https:\/\/fcvizela.pt\/loja\/wp-json\/wp\/v2\/product\/2332","targetHints":{"allow":["GET"]}}],"collection":[{"href":"https:\/\/fcvizela.pt\/loja\/wp-json\/wp\/v2\/product"}],"about":[{"href":"https:\/\/fcvizela.pt\/loja\/wp-json\/wp\/v2\/types\/product"}],"wp:featuredmedia":[{"embeddable":true,"href":"https:\/\/fcvizela.pt\/loja\/wp-json\/wp\/v2\/media\/2579"}],"wp:attachment":[{"href":"https:\/\/fcvizela.pt\/loja\/wp-json\/wp\/v2\/media?parent=2332"}],"wp:term":[{"taxonomy":"product_brand","embeddable":true,"href":"https:\/\/fcvizela.pt\/loja\/wp-json\/wp\/v2\/product_brand?post=2332"},{"taxonomy":"product_cat","embeddable":true,"href":"https:\/\/fcvizela.pt\/loja\/wp-json\/wp\/v2\/product_cat?post=2332"},{"taxonomy":"product_tag","embeddable":true,"href":"https:\/\/fcvizela.pt\/loja\/wp-json\/wp\/v2\/product_tag?post=2332"}],"curies":[{"name":"wp","href":"https:\/\/api.w.org\/{rel}","templated":true}]}}

Calção Amarelo 2025/2026

<p>Predominantemente branco, com riscas amarelas e azuis escuras na parte inferior. Este calção Kappa combina conforto e liberdade de movimento, sendo ideal para a prática de exercício físico.</p>
