{"id":2325,"date":"2025-08-21T10:58:34","date_gmt":"2025-08-21T10:58:34","guid":{"rendered":"https:\/\/fcvizela.pt\/loja\/?post_type=product&#038;p=2325"},"modified":"2026-04-24T13:47:24","modified_gmt":"2026-04-24T13:47:24","slug":"calcao-principal-2025-2025-crianca","status":"publish","type":"product","link":"https:\/\/fcvizela.pt\/loja\/produto\/calcao-principal-2025-2025-crianca\/","title":{"rendered":"Cal\u00e7\u00e3o Principal 2025\/2026 &#8211; Crian\u00e7a"},"content":{"rendered":"<ol>\n<li>Azul-marinho com um detalhe em azul-claro na parte inferior, este cal\u00e7\u00e3o Kappa \u00e9 flex\u00edvel, leve e confort\u00e1vel. Perfeito para treinar ou para mostrar as cores do clube em qualquer ocasi\u00e3o.<\/li>\n<\/ol>\n","protected":false},"excerpt":{"rendered":"<p>Azul-marinho com um detalhe em azul-claro na parte inferior, este cal\u00e7\u00e3o Kappa \u00e9 flex\u00edvel, leve e confort\u00e1vel. Perfeito para treinar ou para mostrar as cores do clube em qualquer ocasi\u00e3o.<\/p>\n","protected":false},"featured_media":2577,"template":"","meta":[],"product_brand":[],"product_cat":[104],"product_tag":[],"class_list":{"0":"post-2325","1":"product","2":"type-product","3":"status-publish","4":"has-post-thumbnail","6":"product_cat-crianca-2025-26","8":"first","9":"instock","10":"sale","11":"shipping-taxable","12":"purchasable","13":"product-type-variable"},"_links":{"self":[{"href":"https:\/\/fcvizela.pt\/loja\/wp-json\/wp\/v2\/product\/2325","targetHints":{"allow":["GET"]}}],"collection":[{"href":"https:\/\/fcvizela.pt\/loja\/wp-json\/wp\/v2\/product"}],"about":[{"href":"https:\/\/fcvizela.pt\/loja\/wp-json\/wp\/v2\/types\/product"}],"wp:featuredmedia":[{"embeddable":true,"href":"https:\/\/fcvizela.pt\/loja\/wp-json\/wp\/v2\/media\/2577"}],"wp:attachment":[{"href":"https:\/\/fcvizela.pt\/loja\/wp-json\/wp\/v2\/media?parent=2325"}],"wp:term":[{"taxonomy":"product_brand","embeddable":true,"href":"https:\/\/fcvizela.pt\/loja\/wp-json\/wp\/v2\/product_brand?post=2325"},{"taxonomy":"product_cat","embeddable":true,"href":"https:\/\/fcvizela.pt\/loja\/wp-json\/wp\/v2\/product_cat?post=2325"},{"taxonomy":"product_tag","embeddable":true,"href":"https:\/\/fcvizela.pt\/loja\/wp-json\/wp\/v2\/product_tag?post=2325"}],"curies":[{"name":"wp","href":"https:\/\/api.w.org\/{rel}","templated":true}]}}

Calção Principal 2025/2026 &#8211; Criança

<ol>
<li>Azul-marinho com um detalhe em azul-claro na parte inferior, este calção Kappa é flexível, leve e confortável. Perfeito para treinar ou para mostrar as cores do clube em qualquer ocasião.</li>
</ol>

<p>Azul-marinho com um detalhe em azul-claro na parte inferior, este calção Kappa é flexível, leve e confortável. Perfeito para treinar ou para mostrar as cores do clube em qualquer ocasião.</p>
