{"id":2313,"date":"2025-08-21T10:51:35","date_gmt":"2025-08-21T10:51:35","guid":{"rendered":"https:\/\/fcvizela.pt\/loja\/?post_type=product&#038;p=2313"},"modified":"2026-04-24T13:50:51","modified_gmt":"2026-04-24T13:50:51","slug":"camisola-alternativa-azul-bebe-2025-2026-crianca","status":"publish","type":"product","link":"https:\/\/fcvizela.pt\/loja\/produto\/camisola-alternativa-azul-bebe-2025-2026-crianca\/","title":{"rendered":"Camisola Alternativa Azul Beb\u00e9 2025\/2026 &#8211; Crian\u00e7a"},"content":{"rendered":"<p>Elegante e uniforme em azul-beb\u00e9, esta camisola Kappa carrega a hist\u00f3ria e a identidade vizelense em cada detalhe. Muito confort\u00e1vel, \u00e9 perfeita para apoiar a equipa ou usar no dia a dia, combinando tradi\u00e7\u00e3o e estilo.<\/p>\n","protected":false},"excerpt":{"rendered":"<p>Elegante e uniforme em azul-beb\u00e9, esta camisola Kappa carrega a hist\u00f3ria e a identidade vizelense em cada detalhe. Muito confort\u00e1vel, \u00e9 perfeita para apoiar a equipa ou usar no dia a dia, combinando tradi\u00e7\u00e3o e estilo.<\/p>\n","protected":false},"featured_media":2575,"template":"","meta":[],"product_brand":[],"product_cat":[104],"product_tag":[],"class_list":{"0":"post-2313","1":"product","2":"type-product","3":"status-publish","4":"has-post-thumbnail","6":"product_cat-crianca-2025-26","8":"first","9":"instock","10":"sale","11":"shipping-taxable","12":"purchasable","13":"product-type-variable"},"_links":{"self":[{"href":"https:\/\/fcvizela.pt\/loja\/wp-json\/wp\/v2\/product\/2313","targetHints":{"allow":["GET"]}}],"collection":[{"href":"https:\/\/fcvizela.pt\/loja\/wp-json\/wp\/v2\/product"}],"about":[{"href":"https:\/\/fcvizela.pt\/loja\/wp-json\/wp\/v2\/types\/product"}],"wp:featuredmedia":[{"embeddable":true,"href":"https:\/\/fcvizela.pt\/loja\/wp-json\/wp\/v2\/media\/2575"}],"wp:attachment":[{"href":"https:\/\/fcvizela.pt\/loja\/wp-json\/wp\/v2\/media?parent=2313"}],"wp:term":[{"taxonomy":"product_brand","embeddable":true,"href":"https:\/\/fcvizela.pt\/loja\/wp-json\/wp\/v2\/product_brand?post=2313"},{"taxonomy":"product_cat","embeddable":true,"href":"https:\/\/fcvizela.pt\/loja\/wp-json\/wp\/v2\/product_cat?post=2313"},{"taxonomy":"product_tag","embeddable":true,"href":"https:\/\/fcvizela.pt\/loja\/wp-json\/wp\/v2\/product_tag?post=2313"}],"curies":[{"name":"wp","href":"https:\/\/api.w.org\/{rel}","templated":true}]}}