{"id":2075,"date":"2025-07-07T15:27:21","date_gmt":"2025-07-07T15:27:21","guid":{"rendered":"https:\/\/fcvizela.pt\/loja\/?post_type=product&#038;p=2075"},"modified":"2025-12-07T18:29:13","modified_gmt":"2025-12-07T18:29:13","slug":"camisola-crianca-2023-24-2","status":"publish","type":"product","link":"https:\/\/fcvizela.pt\/loja\/produto\/camisola-crianca-2023-24-2\/","title":{"rendered":"Camisola Alternativa Branca Crian\u00e7a &#8211; 2023\/24"},"content":{"rendered":"<p>Com um visual cl\u00e1ssico e riscas finas em azul, esta camisola recupera a identidade hist\u00f3rica do FC Vizela. Um tributo \u00e0s origens do clube que podes personalizar e vestir com orgulho.<\/p>\n","protected":false},"excerpt":{"rendered":"<p>Com um visual cl\u00e1ssico e riscas finas em azul, esta camisola recupera a identidade hist\u00f3rica do FC Vizela. Um tributo \u00e0s origens do clube que podes personalizar e vestir com orgulho.<\/p>\n","protected":false},"featured_media":2620,"template":"","meta":[],"product_brand":[],"product_cat":[15,105],"product_tag":[],"class_list":{"0":"post-2075","1":"product","2":"type-product","3":"status-publish","4":"has-post-thumbnail","6":"product_cat-catalogo-completo","7":"product_cat-promocoes-crianca","9":"first","10":"outofstock","11":"sale","12":"shipping-taxable","13":"purchasable","14":"product-type-variable"},"_links":{"self":[{"href":"https:\/\/fcvizela.pt\/loja\/wp-json\/wp\/v2\/product\/2075","targetHints":{"allow":["GET"]}}],"collection":[{"href":"https:\/\/fcvizela.pt\/loja\/wp-json\/wp\/v2\/product"}],"about":[{"href":"https:\/\/fcvizela.pt\/loja\/wp-json\/wp\/v2\/types\/product"}],"wp:featuredmedia":[{"embeddable":true,"href":"https:\/\/fcvizela.pt\/loja\/wp-json\/wp\/v2\/media\/2620"}],"wp:attachment":[{"href":"https:\/\/fcvizela.pt\/loja\/wp-json\/wp\/v2\/media?parent=2075"}],"wp:term":[{"taxonomy":"product_brand","embeddable":true,"href":"https:\/\/fcvizela.pt\/loja\/wp-json\/wp\/v2\/product_brand?post=2075"},{"taxonomy":"product_cat","embeddable":true,"href":"https:\/\/fcvizela.pt\/loja\/wp-json\/wp\/v2\/product_cat?post=2075"},{"taxonomy":"product_tag","embeddable":true,"href":"https:\/\/fcvizela.pt\/loja\/wp-json\/wp\/v2\/product_tag?post=2075"}],"curies":[{"name":"wp","href":"https:\/\/api.w.org\/{rel}","templated":true}]}}