{"id":1704,"date":"2025-06-18T11:36:58","date_gmt":"2025-06-18T11:36:58","guid":{"rendered":"https:\/\/fcvizela.pt\/loja\/?post_type=product&#038;p=1704"},"modified":"2026-04-24T14:45:50","modified_gmt":"2026-04-24T14:45:50","slug":"calcao-principal-2024-25","status":"publish","type":"product","link":"https:\/\/fcvizela.pt\/loja\/produto\/calcao-principal-2024-25\/","title":{"rendered":"Cal\u00e7\u00e3o Principal \u2013 2024\/25"},"content":{"rendered":"<p>Azul-marinho com um toque de azul ciano, este cal\u00e7\u00e3o Kappa completa o equipamento principal da \u00e9poca de 2024\/25 com estilo e leveza. Ideal para treinar ou viver o clube no dia a dia.<\/p>\n","protected":false},"excerpt":{"rendered":"<p>Azul-marinho com um toque de azul ciano, este cal\u00e7\u00e3o Kappa completa o equipamento principal da \u00e9poca de 2024\/25 com estilo e leveza. Ideal para treinar ou viver o clube no dia a dia.<\/p>\n","protected":false},"featured_media":2595,"template":"","meta":[],"product_brand":[],"product_cat":[15,102],"product_tag":[],"class_list":{"0":"post-1704","1":"product","2":"type-product","3":"status-publish","4":"has-post-thumbnail","6":"product_cat-catalogo-completo","7":"product_cat-promocoes","9":"first","10":"instock","11":"sale","12":"shipping-taxable","13":"purchasable","14":"product-type-variable"},"_links":{"self":[{"href":"https:\/\/fcvizela.pt\/loja\/wp-json\/wp\/v2\/product\/1704","targetHints":{"allow":["GET"]}}],"collection":[{"href":"https:\/\/fcvizela.pt\/loja\/wp-json\/wp\/v2\/product"}],"about":[{"href":"https:\/\/fcvizela.pt\/loja\/wp-json\/wp\/v2\/types\/product"}],"wp:featuredmedia":[{"embeddable":true,"href":"https:\/\/fcvizela.pt\/loja\/wp-json\/wp\/v2\/media\/2595"}],"wp:attachment":[{"href":"https:\/\/fcvizela.pt\/loja\/wp-json\/wp\/v2\/media?parent=1704"}],"wp:term":[{"taxonomy":"product_brand","embeddable":true,"href":"https:\/\/fcvizela.pt\/loja\/wp-json\/wp\/v2\/product_brand?post=1704"},{"taxonomy":"product_cat","embeddable":true,"href":"https:\/\/fcvizela.pt\/loja\/wp-json\/wp\/v2\/product_cat?post=1704"},{"taxonomy":"product_tag","embeddable":true,"href":"https:\/\/fcvizela.pt\/loja\/wp-json\/wp\/v2\/product_tag?post=1704"}],"curies":[{"name":"wp","href":"https:\/\/api.w.org\/{rel}","templated":true}]}}