{"id":1682,"date":"2025-06-18T10:51:52","date_gmt":"2025-06-18T10:51:52","guid":{"rendered":"https:\/\/fcvizela.pt\/loja\/?post_type=product&#038;p=1682"},"modified":"2025-12-05T15:08:04","modified_gmt":"2025-12-05T15:08:04","slug":"calcao-guarda-redes-alternativo-3-2023-24","status":"publish","type":"product","link":"https:\/\/fcvizela.pt\/loja\/produto\/calcao-guarda-redes-alternativo-3-2023-24\/","title":{"rendered":"Cal\u00e7\u00e3o Guarda Redes Branco \u2013 2023\/24"},"content":{"rendered":"<p>Brancos com toques discretos em preto, estes cal\u00e7\u00f5es s\u00e3o perfeitos para quem prefere leveza e um visual simples, mas marcante. O equil\u00edbrio certo entre eleg\u00e2ncia e fun\u00e7\u00e3o.<\/p>\n","protected":false},"excerpt":{"rendered":"<p>Brancos com toques discretos em preto, estes cal\u00e7\u00f5es s\u00e3o perfeitos para quem prefere leveza e um visual simples, mas marcante. O equil\u00edbrio certo entre eleg\u00e2ncia e fun\u00e7\u00e3o.<\/p>\n","protected":false},"featured_media":2604,"template":"","meta":[],"product_brand":[],"product_cat":[15,102],"product_tag":[],"class_list":{"0":"post-1682","1":"product","2":"type-product","3":"status-publish","4":"has-post-thumbnail","6":"product_cat-catalogo-completo","7":"product_cat-promocoes","9":"first","10":"instock","11":"sale","12":"shipping-taxable","13":"purchasable","14":"product-type-variable"},"_links":{"self":[{"href":"https:\/\/fcvizela.pt\/loja\/wp-json\/wp\/v2\/product\/1682","targetHints":{"allow":["GET"]}}],"collection":[{"href":"https:\/\/fcvizela.pt\/loja\/wp-json\/wp\/v2\/product"}],"about":[{"href":"https:\/\/fcvizela.pt\/loja\/wp-json\/wp\/v2\/types\/product"}],"wp:featuredmedia":[{"embeddable":true,"href":"https:\/\/fcvizela.pt\/loja\/wp-json\/wp\/v2\/media\/2604"}],"wp:attachment":[{"href":"https:\/\/fcvizela.pt\/loja\/wp-json\/wp\/v2\/media?parent=1682"}],"wp:term":[{"taxonomy":"product_brand","embeddable":true,"href":"https:\/\/fcvizela.pt\/loja\/wp-json\/wp\/v2\/product_brand?post=1682"},{"taxonomy":"product_cat","embeddable":true,"href":"https:\/\/fcvizela.pt\/loja\/wp-json\/wp\/v2\/product_cat?post=1682"},{"taxonomy":"product_tag","embeddable":true,"href":"https:\/\/fcvizela.pt\/loja\/wp-json\/wp\/v2\/product_tag?post=1682"}],"curies":[{"name":"wp","href":"https:\/\/api.w.org\/{rel}","templated":true}]}}

Calção Guarda Redes Branco – 2023/24

<p>Brancos com toques discretos em preto, estes calções são perfeitos para quem prefere leveza e um visual simples, mas marcante. O equilíbrio certo entre elegância e função.</p>
