{"id":1676,"date":"2025-06-18T10:40:21","date_gmt":"2025-06-18T10:40:21","guid":{"rendered":"https:\/\/fcvizela.pt\/loja\/?post_type=product&#038;p=1676"},"modified":"2025-12-05T15:09:40","modified_gmt":"2025-12-05T15:09:40","slug":"calcao-guarda-redes-alteranativo-2-2023-24","status":"publish","type":"product","link":"https:\/\/fcvizela.pt\/loja\/produto\/calcao-guarda-redes-alteranativo-2-2023-24\/","title":{"rendered":"Cal\u00e7\u00e3o Guarda Redes Amarelo \u2013 2023\/24"},"content":{"rendered":"<p>Amarelos com pormenores em preto, estes cal\u00e7\u00f5es s\u00e3o ideais para completar a camisola secund\u00e1ria. Impacto visual e conforto garantido.<\/p>\n","protected":false},"excerpt":{"rendered":"<p>Amarelos com pormenores em preto, estes cal\u00e7\u00f5es s\u00e3o ideais para completar a camisola secund\u00e1ria. Impacto visual e conforto garantido.<\/p>\n","protected":false},"featured_media":2608,"template":"","meta":[],"product_brand":[],"product_cat":[15,102],"product_tag":[],"class_list":{"0":"post-1676","1":"product","2":"type-product","3":"status-publish","4":"has-post-thumbnail","6":"product_cat-catalogo-completo","7":"product_cat-promocoes","9":"first","10":"instock","11":"sale","12":"shipping-taxable","13":"purchasable","14":"product-type-variable"},"_links":{"self":[{"href":"https:\/\/fcvizela.pt\/loja\/wp-json\/wp\/v2\/product\/1676","targetHints":{"allow":["GET"]}}],"collection":[{"href":"https:\/\/fcvizela.pt\/loja\/wp-json\/wp\/v2\/product"}],"about":[{"href":"https:\/\/fcvizela.pt\/loja\/wp-json\/wp\/v2\/types\/product"}],"wp:featuredmedia":[{"embeddable":true,"href":"https:\/\/fcvizela.pt\/loja\/wp-json\/wp\/v2\/media\/2608"}],"wp:attachment":[{"href":"https:\/\/fcvizela.pt\/loja\/wp-json\/wp\/v2\/media?parent=1676"}],"wp:term":[{"taxonomy":"product_brand","embeddable":true,"href":"https:\/\/fcvizela.pt\/loja\/wp-json\/wp\/v2\/product_brand?post=1676"},{"taxonomy":"product_cat","embeddable":true,"href":"https:\/\/fcvizela.pt\/loja\/wp-json\/wp\/v2\/product_cat?post=1676"},{"taxonomy":"product_tag","embeddable":true,"href":"https:\/\/fcvizela.pt\/loja\/wp-json\/wp\/v2\/product_tag?post=1676"}],"curies":[{"name":"wp","href":"https:\/\/api.w.org\/{rel}","templated":true}]}}

Calção Guarda Redes Amarelo – 2023/24

<p>Amarelos com pormenores em preto, estes calções são ideais para completar a camisola secundária. Impacto visual e conforto garantido.</p>
