{"id":1670,"date":"2025-06-18T10:22:37","date_gmt":"2025-06-18T10:22:37","guid":{"rendered":"https:\/\/fcvizela.pt\/loja\/?post_type=product&#038;p=1670"},"modified":"2026-01-09T11:50:53","modified_gmt":"2026-01-09T11:50:53","slug":"calcao-guarda-redes-principal-2023-24","status":"publish","type":"product","link":"https:\/\/fcvizela.pt\/loja\/produto\/calcao-guarda-redes-principal-2023-24\/","title":{"rendered":"Cal\u00e7\u00e3o Guarda Redes Roxo \u2013 2023\/24"},"content":{"rendered":"<p>Roxo intenso com detalhes dourados, estes cal\u00e7\u00f5es completam o equipamento com personalidade. Um modelo que combina presen\u00e7a e conforto.<\/p>\n","protected":false},"excerpt":{"rendered":"<p>Roxo intenso com detalhes dourados, estes cal\u00e7\u00f5es completam o equipamento com personalidade. Um modelo que combina presen\u00e7a e conforto.<\/p>\n","protected":false},"featured_media":2612,"template":"","meta":[],"product_brand":[],"product_cat":[15,102],"product_tag":[],"class_list":{"0":"post-1670","1":"product","2":"type-product","3":"status-publish","4":"has-post-thumbnail","6":"product_cat-catalogo-completo","7":"product_cat-promocoes","9":"first","10":"instock","11":"sale","12":"shipping-taxable","13":"purchasable","14":"product-type-variable"},"_links":{"self":[{"href":"https:\/\/fcvizela.pt\/loja\/wp-json\/wp\/v2\/product\/1670","targetHints":{"allow":["GET"]}}],"collection":[{"href":"https:\/\/fcvizela.pt\/loja\/wp-json\/wp\/v2\/product"}],"about":[{"href":"https:\/\/fcvizela.pt\/loja\/wp-json\/wp\/v2\/types\/product"}],"wp:featuredmedia":[{"embeddable":true,"href":"https:\/\/fcvizela.pt\/loja\/wp-json\/wp\/v2\/media\/2612"}],"wp:attachment":[{"href":"https:\/\/fcvizela.pt\/loja\/wp-json\/wp\/v2\/media?parent=1670"}],"wp:term":[{"taxonomy":"product_brand","embeddable":true,"href":"https:\/\/fcvizela.pt\/loja\/wp-json\/wp\/v2\/product_brand?post=1670"},{"taxonomy":"product_cat","embeddable":true,"href":"https:\/\/fcvizela.pt\/loja\/wp-json\/wp\/v2\/product_cat?post=1670"},{"taxonomy":"product_tag","embeddable":true,"href":"https:\/\/fcvizela.pt\/loja\/wp-json\/wp\/v2\/product_tag?post=1670"}],"curies":[{"name":"wp","href":"https:\/\/api.w.org\/{rel}","templated":true}]}}

Calção Guarda Redes Roxo – 2023/24

<p>Roxo intenso com detalhes dourados, estes calções completam o equipamento com personalidade. Um modelo que combina presença e conforto.</p>
