{"id":1657,"date":"2025-06-18T09:41:02","date_gmt":"2025-06-18T09:41:02","guid":{"rendered":"https:\/\/fcvizela.pt\/loja\/?post_type=product&#038;p=1657"},"modified":"2026-04-04T09:40:46","modified_gmt":"2026-04-04T09:40:46","slug":"camisola-alternativa-3-2023-24","status":"publish","type":"product","link":"https:\/\/fcvizela.pt\/loja\/produto\/camisola-alternativa-3-2023-24\/","title":{"rendered":"Camisola Alternativa Preta \u2013 2023\/24"},"content":{"rendered":"<p>Preto e dourado com a Rainha como s\u00edmbolo central, esta camisola representa eleg\u00e2ncia, ambi\u00e7\u00e3o e hist\u00f3ria. Personaliza a tua e mostra ao mundo a for\u00e7a do FC Vizela.<\/p>\n","protected":false},"excerpt":{"rendered":"<p>Preto e dourado com a Rainha como s\u00edmbolo central, esta camisola representa eleg\u00e2ncia, ambi\u00e7\u00e3o e hist\u00f3ria. Personaliza a tua e mostra ao mundo a for\u00e7a do FC Vizela.<\/p>\n","protected":false},"featured_media":2618,"template":"","meta":[],"product_brand":[],"product_cat":[15,80,102],"product_tag":[],"class_list":{"0":"post-1657","1":"product","2":"type-product","3":"status-publish","4":"has-post-thumbnail","6":"product_cat-catalogo-completo","7":"product_cat-personalizaveis","8":"product_cat-promocoes","10":"first","11":"instock","12":"sale","13":"shipping-taxable","14":"purchasable","15":"product-type-variable"},"_links":{"self":[{"href":"https:\/\/fcvizela.pt\/loja\/wp-json\/wp\/v2\/product\/1657","targetHints":{"allow":["GET"]}}],"collection":[{"href":"https:\/\/fcvizela.pt\/loja\/wp-json\/wp\/v2\/product"}],"about":[{"href":"https:\/\/fcvizela.pt\/loja\/wp-json\/wp\/v2\/types\/product"}],"wp:featuredmedia":[{"embeddable":true,"href":"https:\/\/fcvizela.pt\/loja\/wp-json\/wp\/v2\/media\/2618"}],"wp:attachment":[{"href":"https:\/\/fcvizela.pt\/loja\/wp-json\/wp\/v2\/media?parent=1657"}],"wp:term":[{"taxonomy":"product_brand","embeddable":true,"href":"https:\/\/fcvizela.pt\/loja\/wp-json\/wp\/v2\/product_brand?post=1657"},{"taxonomy":"product_cat","embeddable":true,"href":"https:\/\/fcvizela.pt\/loja\/wp-json\/wp\/v2\/product_cat?post=1657"},{"taxonomy":"product_tag","embeddable":true,"href":"https:\/\/fcvizela.pt\/loja\/wp-json\/wp\/v2\/product_tag?post=1657"}],"curies":[{"name":"wp","href":"https:\/\/api.w.org\/{rel}","templated":true}]}}