{"id":1649,"date":"2025-06-18T09:09:38","date_gmt":"2025-06-18T09:09:38","guid":{"rendered":"https:\/\/fcvizela.pt\/loja\/?post_type=product&#038;p=1649"},"modified":"2026-04-29T11:43:42","modified_gmt":"2026-04-29T11:43:42","slug":"equipamento-ii-2023-24","status":"publish","type":"product","link":"https:\/\/fcvizela.pt\/loja\/produto\/equipamento-ii-2023-24\/","title":{"rendered":"Camisola Alternativa Branca &#8211; 2023\/24"},"content":{"rendered":"<p>Com um visual cl\u00e1ssico e riscas finas em azul, esta camisola recupera a identidade hist\u00f3rica do FC Vizela. Um tributo \u00e0s origens do clube que podes personalizar e vestir com orgulho.<\/p>\n","protected":false},"excerpt":{"rendered":"<p>Com um visual cl\u00e1ssico e riscas finas em azul, esta camisola recupera a identidade hist\u00f3rica do FC Vizela. Um tributo \u00e0s origens do clube que podes personalizar e vestir com orgulho.<\/p>\n","protected":false},"featured_media":2620,"template":"","meta":[],"product_brand":[],"product_cat":[15,80,102],"product_tag":[],"class_list":{"0":"post-1649","1":"product","2":"type-product","3":"status-publish","4":"has-post-thumbnail","6":"product_cat-catalogo-completo","7":"product_cat-personalizaveis","8":"product_cat-promocoes","10":"first","11":"instock","12":"sale","13":"shipping-taxable","14":"purchasable","15":"product-type-variable"},"_links":{"self":[{"href":"https:\/\/fcvizela.pt\/loja\/wp-json\/wp\/v2\/product\/1649","targetHints":{"allow":["GET"]}}],"collection":[{"href":"https:\/\/fcvizela.pt\/loja\/wp-json\/wp\/v2\/product"}],"about":[{"href":"https:\/\/fcvizela.pt\/loja\/wp-json\/wp\/v2\/types\/product"}],"wp:featuredmedia":[{"embeddable":true,"href":"https:\/\/fcvizela.pt\/loja\/wp-json\/wp\/v2\/media\/2620"}],"wp:attachment":[{"href":"https:\/\/fcvizela.pt\/loja\/wp-json\/wp\/v2\/media?parent=1649"}],"wp:term":[{"taxonomy":"product_brand","embeddable":true,"href":"https:\/\/fcvizela.pt\/loja\/wp-json\/wp\/v2\/product_brand?post=1649"},{"taxonomy":"product_cat","embeddable":true,"href":"https:\/\/fcvizela.pt\/loja\/wp-json\/wp\/v2\/product_cat?post=1649"},{"taxonomy":"product_tag","embeddable":true,"href":"https:\/\/fcvizela.pt\/loja\/wp-json\/wp\/v2\/product_tag?post=1649"}],"curies":[{"name":"wp","href":"https:\/\/api.w.org\/{rel}","templated":true}]}}