{"id":1612,"date":"2025-06-17T13:26:55","date_gmt":"2025-06-17T13:26:55","guid":{"rendered":"https:\/\/fcvizela.pt\/loja\/?post_type=product&#038;p=1612"},"modified":"2026-04-27T09:53:30","modified_gmt":"2026-04-27T09:53:30","slug":"meias-pretas-kappa","status":"publish","type":"product","link":"https:\/\/fcvizela.pt\/loja\/produto\/meias-pretas-kappa\/","title":{"rendered":"Meias Pretas Kappa"},"content":{"rendered":"<p>As meias pretas Kappa garantem conforto, respirabilidade e durabilidade em cada treino. Com um design s\u00f3brio e funcional, s\u00e3o ideais para quem leva o desporto a s\u00e9rio.<\/p>\n","protected":false},"excerpt":{"rendered":"<p>As meias pretas Kappa garantem conforto, respirabilidade e durabilidade em cada treino. Com um design s\u00f3brio e funcional, s\u00e3o ideais para quem leva o desporto a s\u00e9rio.<\/p>\n","protected":false},"featured_media":1613,"template":"","meta":[],"product_brand":[],"product_cat":[15,103,21],"product_tag":[],"class_list":{"0":"post-1612","1":"product","2":"type-product","3":"status-publish","4":"has-post-thumbnail","6":"product_cat-catalogo-completo","7":"product_cat-meias","8":"product_cat-vestuario","10":"first","11":"instock","12":"sale","13":"shipping-taxable","14":"purchasable","15":"product-type-variable"},"_links":{"self":[{"href":"https:\/\/fcvizela.pt\/loja\/wp-json\/wp\/v2\/product\/1612","targetHints":{"allow":["GET"]}}],"collection":[{"href":"https:\/\/fcvizela.pt\/loja\/wp-json\/wp\/v2\/product"}],"about":[{"href":"https:\/\/fcvizela.pt\/loja\/wp-json\/wp\/v2\/types\/product"}],"wp:featuredmedia":[{"embeddable":true,"href":"https:\/\/fcvizela.pt\/loja\/wp-json\/wp\/v2\/media\/1613"}],"wp:attachment":[{"href":"https:\/\/fcvizela.pt\/loja\/wp-json\/wp\/v2\/media?parent=1612"}],"wp:term":[{"taxonomy":"product_brand","embeddable":true,"href":"https:\/\/fcvizela.pt\/loja\/wp-json\/wp\/v2\/product_brand?post=1612"},{"taxonomy":"product_cat","embeddable":true,"href":"https:\/\/fcvizela.pt\/loja\/wp-json\/wp\/v2\/product_cat?post=1612"},{"taxonomy":"product_tag","embeddable":true,"href":"https:\/\/fcvizela.pt\/loja\/wp-json\/wp\/v2\/product_tag?post=1612"}],"curies":[{"name":"wp","href":"https:\/\/api.w.org\/{rel}","templated":true}]}}